{"id":960,"date":"2025-09-11T14:46:10","date_gmt":"2025-09-11T12:46:10","guid":{"rendered":"http:\/\/192.168.123.202\/AM\/index.php\/home\/"},"modified":"2025-09-11T15:01:58","modified_gmt":"2025-09-11T13:01:58","slug":"home","status":"publish","type":"page","link":"https:\/\/aweronet-medical.de\/","title":{"rendered":"Home"},"content":{"rendered":"\n<div class=\"wp-block-cover alignfull is-light uag-hide-tab uag-hide-mob\" style=\"min-height:959px;aspect-ratio:unset;\"><video class=\"wp-block-cover__video-background intrinsic-ignore\" autoplay muted loop playsinline src=\"https:\/\/aweronet-medical.de\/wp-content\/uploads\/2025\/09\/Startseite-background.mp4\" style=\"object-position:33% 34%\" data-object-fit=\"cover\" data-object-position=\"33% 34%\"><\/video><span aria-hidden=\"true\" class=\"wp-block-cover__background has-background-dim\"><\/span><div class=\"wp-block-cover__inner-container is-layout-flow wp-block-cover-is-layout-flow\">\n<h1 class=\"wp-block-heading has-text-align-center has-ast-global-color-6-color has-text-color\">aweronet medical<\/h1>\n\n\n\n<h5 class=\"wp-block-heading has-text-align-center has-ast-global-color-6-color has-text-color\">Von Machern f\u00fcr Macher<\/h5>\n\n\n\n<p><\/p>\n\n\n\n<div class=\"wp-block-buttons is-horizontal is-content-justification-center is-layout-flex wp-container-core-buttons-is-layout-03627597 wp-block-buttons-is-layout-flex\">\n<div class=\"wp-block-button\"><a class=\"wp-block-button__link wp-element-button\" href=\"https:\/\/aweronet-medical.de\/index.php\/kontakt\/\" rel=\"#\">clinthink medical PC kaufen<\/a><\/div>\n<\/div>\n\n\n\n<p><a href=\"https:\/\/websitedemos.net\/sierra-nature-02\/?preview_id=6&amp;preview_nonce=8931fe6610&amp;preview=true#\"><\/a><\/p>\n<\/div><\/div>\n\n\n\n<div class=\"wp-block-group alignfull has-ast-global-color-5-background-color has-background is-layout-flow wp-block-group-is-layout-flow\">\n<h2 class=\"wp-block-heading has-text-align-center\">aweronet medical: Mit langj\u00e4hriger Erfahrung, hochwertiger Hardware und professioneller Beratung passen wir IT-Dienstleistungen und Medizintechnik speziell an die Bed\u00fcrfnisse unserer Kunden an.<\/h2>\n\n\n\n<p class=\"has-text-align-center\">aweronet medical bietet \u00c4rzten, Krankenh\u00e4usern und medizinischen Einrichtungen innovative Produkte, individuell zugeschnitten. Zu unseren Leistungen geh\u00f6ren konzeptionelles Bildmanagement, Organisation der klinischen IT-Landschaft und ITIL-Service-Management f\u00fcr Krankenhaus-IT.&nbsp;<\/p>\n\n\n\n<p class=\"has-text-align-center\"><strong>Wandkonsolen und Medical PCs&nbsp;<\/strong><br>F\u00fcr die digitale Bildbetrachtung von diagnostischen Bildern im OP bieten wir selbst entwickelte OP-Displays an. Sie zeichnen sich durch ein modernes Design und energiesparende Technik aus \u2013 Sie m\u00fcssen es sehen! Ebenfalls designen wir unsere Medical PCs selbst. Vollst\u00e4ndig aus Aluminium gefr\u00e4st, mit einem optionalen Touch-Monitor versehen und gekapselt nach IP 65 sind unsere Medical All-in-One PCs technisch up-to-date und ein echter Hingucker.<\/p>\n\n\n\n<div class=\"wp-block-buttons is-horizontal is-content-justification-center is-layout-flex wp-container-core-buttons-is-layout-03627597 wp-block-buttons-is-layout-flex\">\n<div class=\"wp-block-button\"><a class=\"wp-block-button__link wp-element-button\" href=\"https:\/\/aweronet-medical.de\/index.php\/ueber-uns\/\" rel=\"#\">ErFahren Sie mehr.<\/a><\/div>\n<\/div>\n<\/div>\n\n\n\n<div class=\"wp-block-cover alignfull has-parallax is-light\" style=\"min-height:480px;aspect-ratio:unset;\"><div class=\"wp-block-cover__image-background wp-image-1189 has-parallax\" style=\"background-position:50% 50%;background-image:url(https:\/\/aweronet-medical.de\/wp-content\/uploads\/2022\/01\/Hintergrund_Metall.jpg)\"><\/div><span aria-hidden=\"true\" class=\"wp-block-cover__background has-ast-global-color-2-background-color has-background-dim-60 has-background-dim\"><\/span><div class=\"wp-block-cover__inner-container is-layout-flow wp-block-cover-is-layout-flow\">\n<div class=\"wp-block-columns are-vertically-aligned-center is-layout-flex wp-container-core-columns-is-layout-28f84493 wp-block-columns-is-layout-flex\">\n<div class=\"wp-block-column is-vertically-aligned-center is-layout-flow wp-block-column-is-layout-flow\">\n<h3 class=\"wp-block-heading has-white-color has-text-color\">Entscheiden Sie sich f\u00fcr aweronet medical und ein besonderes Engagement.<\/h3>\n\n\n\n<p class=\"has-ast-global-color-5-color has-text-color\">Durch die Modernisierung Ihrer technischen Ausstattung steigern Sie die Effizienz Ihrer Mitarbeiter im OP, auf der Station und in der Verwaltung. Viele in den letzten Jahren erfolgreich abgeschlossene Projekte in ganz Europa sind ein deutliches Abbild der Leistungsf\u00e4higkeit von aweronet medical.<\/p>\n<\/div>\n\n\n\n<div class=\"wp-block-column is-vertically-aligned-center is-layout-flow wp-block-column-is-layout-flow\">\n<h2 class=\"wp-block-heading has-ast-global-color-5-color has-text-color\">Vollst\u00e4ndig aus Aluminium gefr\u00e4st und optional mit einem Touch-Monitor versehen, sind unsere Produkte technische und visuelle Highlights.<\/h2>\n\n\n\n<div class=\"wp-block-buttons is-layout-flex wp-block-buttons-is-layout-flex\"><\/div>\n<\/div>\n<\/div>\n<\/div><\/div>\n\n\n\n<div class=\"wp-block-group alignfull has-ast-global-color-5-background-color has-background is-layout-flow wp-block-group-is-layout-flow\">\n<h2 class=\"wp-block-heading has-text-align-center\">Unsere Produkte.<\/h2>\n\n\n\n<div class=\"wp-block-columns is-layout-flex wp-container-core-columns-is-layout-28f84493 wp-block-columns-is-layout-flex\">\n<div class=\"wp-block-column is-layout-flow wp-block-column-is-layout-flow\">\n<figure class=\"wp-block-image size-full\"><img loading=\"lazy\" decoding=\"async\" width=\"380\" height=\"520\" src=\"https:\/\/aweronet-medical.de\/wp-content\/uploads\/2022\/04\/Start_CLINVISION2.jpg\" alt=\"aweronet medical - CLINVISION Wandkonsole\" class=\"wp-image-1578\" srcset=\"https:\/\/aweronet-medical.de\/wp-content\/uploads\/2022\/04\/Start_CLINVISION2.jpg 380w, https:\/\/aweronet-medical.de\/wp-content\/uploads\/2022\/04\/Start_CLINVISION2-219x300.jpg 219w\" sizes=\"auto, (max-width: 380px) 100vw, 380px\" \/><\/figure>\n\n\n\n<h4 class=\"wp-block-heading\"><a href=\"https:\/\/aweronet-medical.de\/index.php\/clinvision\/\" title=\"BEWERTEN\">BEWERTEN<\/a><\/h4>\n\n\n\n<p>F\u00fcr die Betrachtung und Visualisierung von diagnostischen Aufnahmen in OPs bieten sich unsere intelligent konzipierten CLINVISION Displays und Wandkonsolen an.<\/p>\n<\/div>\n\n\n\n<div class=\"wp-block-column is-layout-flow wp-block-column-is-layout-flow\">\n<figure class=\"wp-block-image size-full\"><img loading=\"lazy\" decoding=\"async\" width=\"380\" height=\"520\" src=\"https:\/\/aweronet-medical.de\/wp-content\/uploads\/2022\/01\/Start_CLINTHINK.jpg\" alt=\"aweronet medical - CLINTHINK MPC\" class=\"wp-image-1180\" srcset=\"https:\/\/aweronet-medical.de\/wp-content\/uploads\/2022\/01\/Start_CLINTHINK.jpg 380w, https:\/\/aweronet-medical.de\/wp-content\/uploads\/2022\/01\/Start_CLINTHINK-219x300.jpg 219w\" sizes=\"auto, (max-width: 380px) 100vw, 380px\" \/><\/figure>\n\n\n\n<h4 class=\"wp-block-heading\"><a href=\"https:\/\/aweronet-medical.de\/index.php\/clinthink\/\" title=\"BEARBEITEN\">BEARBEITEN<\/a><\/h4>\n\n\n\n<p>Lernen Sie unsere CLINTHINK Medical All-in-One PCs kennen. Vollst\u00e4ndig aus Aluminium gefr\u00e4st und optional mit einem Touch-Monitor versehen.<\/p>\n<\/div>\n\n\n\n<div class=\"wp-block-column is-layout-flow wp-block-column-is-layout-flow\">\n<figure class=\"wp-block-image size-full\"><img loading=\"lazy\" decoding=\"async\" width=\"380\" height=\"520\" src=\"https:\/\/aweronet-medical.de\/wp-content\/uploads\/2022\/01\/Start_CLINVIEW.jpg\" alt=\"aweronet medical - CLINVIEW Medical Screen\" class=\"wp-image-1181\" srcset=\"https:\/\/aweronet-medical.de\/wp-content\/uploads\/2022\/01\/Start_CLINVIEW.jpg 380w, https:\/\/aweronet-medical.de\/wp-content\/uploads\/2022\/01\/Start_CLINVIEW-219x300.jpg 219w\" sizes=\"auto, (max-width: 380px) 100vw, 380px\" \/><\/figure>\n\n\n\n<h4 class=\"wp-block-heading\"><a href=\"https:\/\/aweronet-medical.de\/index.php\/clinview\/\" title=\"BETRACHTEN\">BETRACHTEN<\/a><\/h4>\n\n\n\n<p>CLINTHINK\u2019s kleiner Bruder CLINVIEW bietet alles, was Sie zur optimalen Bildbetrachtung im OP oder Intensivbereich ben\u00f6tigen. Klare und scharfe Bilder, wann immer Sie sie ben\u00f6tigen.<\/p>\n<\/div>\n<\/div>\n<\/div>\n\n\n\n<div class=\"wp-block-group alignfull has-ast-global-color-4-background-color has-background is-layout-flow wp-block-group-is-layout-flow\">\n<div class=\"wp-block-columns are-vertically-aligned-center is-layout-flex wp-container-core-columns-is-layout-28f84493 wp-block-columns-is-layout-flex\">\n<div class=\"wp-block-column is-vertically-aligned-center is-layout-flow wp-block-column-is-layout-flow\" style=\"flex-basis:66.66%\">\n<h2 class=\"wp-block-heading has-text-align-center\">Wollen Sie mehr von unserer Arbeit sehen?<\/h2>\n<\/div>\n\n\n\n<div class=\"wp-block-column is-vertically-aligned-center is-layout-flow wp-block-column-is-layout-flow\" style=\"flex-basis:33.33%\">\n<div class=\"wp-block-buttons is-horizontal is-content-justification-center is-layout-flex wp-container-core-buttons-is-layout-03627597 wp-block-buttons-is-layout-flex\">\n<div class=\"wp-block-button\"><a class=\"wp-block-button__link wp-element-button\" href=\"https:\/\/aweronet-medical.de\/index.php\/projekte\/\" rel=\"#\">Hier geht&#8217;s zu unseren Projekten.<\/a><\/div>\n<\/div>\n<\/div>\n<\/div>\n<\/div>\n\n\n\n<p><\/p>\n","protected":false},"excerpt":{"rendered":"<p>aweronet medical: Mit langj\u00e4hriger Erfahrung, hochwertiger Hardware und professioneller Beratung passen wir IT-Dienstleistungen und Medizintechnik speziell an die Bed\u00fcrfnisse unserer Kunden an. aweronet medical bietet \u00c4rzten, Krankenh\u00e4usern und medizinischen Einrichtungen innovative Produkte, individuell zugeschnitten. Zu unseren Leistungen geh\u00f6ren konzeptionelles Bildmanagement, Organisation der klinischen IT-Landschaft und ITIL-Service-Management f\u00fcr Krankenhaus-IT.&nbsp; Wandkonsolen und Medical PCs&nbsp;F\u00fcr die digitale Bildbetrachtung [&hellip;]<\/p>\n","protected":false},"author":1,"featured_media":0,"parent":0,"menu_order":0,"comment_status":"closed","ping_status":"closed","template":"","meta":{"_uag_custom_page_level_css":"","site-sidebar-layout":"no-sidebar","site-content-layout":"plain-container","ast-site-content-layout":"normal-width-container","site-content-style":"unboxed","site-sidebar-style":"unboxed","ast-global-header-display":"","ast-banner-title-visibility":"","ast-main-header-display":"","ast-hfb-above-header-display":"","ast-hfb-below-header-display":"","ast-hfb-mobile-header-display":"","site-post-title":"disabled","ast-breadcrumbs-content":"","ast-featured-img":"disabled","footer-sml-layout":"","theme-transparent-header-meta":"enabled","adv-header-id-meta":"","stick-header-meta":"","header-above-stick-meta":"","header-main-stick-meta":"","header-below-stick-meta":"","astra-migrate-meta-layouts":"set","ast-page-background-enabled":"default","ast-page-background-meta":{"desktop":{"background-color":"","background-image":"","background-repeat":"repeat","background-position":"center center","background-size":"auto","background-attachment":"scroll","background-type":"","background-media":"","overlay-type":"","overlay-color":"","overlay-opacity":"","overlay-gradient":""},"tablet":{"background-color":"","background-image":"","background-repeat":"repeat","background-position":"center center","background-size":"auto","background-attachment":"scroll","background-type":"","background-media":"","overlay-type":"","overlay-color":"","overlay-opacity":"","overlay-gradient":""},"mobile":{"background-color":"","background-image":"","background-repeat":"repeat","background-position":"center center","background-size":"auto","background-attachment":"scroll","background-type":"","background-media":"","overlay-type":"","overlay-color":"","overlay-opacity":"","overlay-gradient":""}},"ast-content-background-meta":{"desktop":{"background-color":"var(--ast-global-color-5)","background-image":"","background-repeat":"repeat","background-position":"center center","background-size":"auto","background-attachment":"scroll","background-type":"","background-media":"","overlay-type":"","overlay-color":"","overlay-opacity":"","overlay-gradient":""},"tablet":{"background-color":"var(--ast-global-color-5)","background-image":"","background-repeat":"repeat","background-position":"center center","background-size":"auto","background-attachment":"scroll","background-type":"","background-media":"","overlay-type":"","overlay-color":"","overlay-opacity":"","overlay-gradient":""},"mobile":{"background-color":"var(--ast-global-color-5)","background-image":"","background-repeat":"repeat","background-position":"center center","background-size":"auto","background-attachment":"scroll","background-type":"","background-media":"","overlay-type":"","overlay-color":"","overlay-opacity":"","overlay-gradient":""}},"footnotes":""},"class_list":["post-960","page","type-page","status-publish","hentry"],"aioseo_notices":[],"uagb_featured_image_src":{"full":false,"thumbnail":false,"medium":false,"medium_large":false,"large":false,"gs-tiny":false,"xl":false,"xxl":false,"xxxl":false,"xxxxl":false,"xxxxxl":false,"1536x1536":false,"2048x2048":false,"woocommerce_thumbnail":false,"woocommerce_single":false,"woocommerce_gallery_thumbnail":false},"uagb_author_info":{"display_name":"am_user","author_link":"https:\/\/aweronet-medical.de\/index.php\/author\/am_user\/"},"uagb_comment_info":0,"uagb_excerpt":"aweronet medical: Mit langj\u00e4hriger Erfahrung, hochwertiger Hardware und professioneller Beratung passen wir IT-Dienstleistungen und Medizintechnik speziell an die Bed\u00fcrfnisse unserer Kunden an. aweronet medical bietet \u00c4rzten, Krankenh\u00e4usern und medizinischen Einrichtungen innovative Produkte, individuell zugeschnitten. Zu unseren Leistungen geh\u00f6ren konzeptionelles Bildmanagement, Organisation der klinischen IT-Landschaft und ITIL-Service-Management f\u00fcr Krankenhaus-IT.&nbsp; Wandkonsolen und Medical PCs&nbsp;F\u00fcr die digitale Bildbetrachtung&hellip;","_links":{"self":[{"href":"https:\/\/aweronet-medical.de\/index.php\/wp-json\/wp\/v2\/pages\/960","targetHints":{"allow":["GET"]}}],"collection":[{"href":"https:\/\/aweronet-medical.de\/index.php\/wp-json\/wp\/v2\/pages"}],"about":[{"href":"https:\/\/aweronet-medical.de\/index.php\/wp-json\/wp\/v2\/types\/page"}],"author":[{"embeddable":true,"href":"https:\/\/aweronet-medical.de\/index.php\/wp-json\/wp\/v2\/users\/1"}],"replies":[{"embeddable":true,"href":"https:\/\/aweronet-medical.de\/index.php\/wp-json\/wp\/v2\/comments?post=960"}],"version-history":[{"count":49,"href":"https:\/\/aweronet-medical.de\/index.php\/wp-json\/wp\/v2\/pages\/960\/revisions"}],"predecessor-version":[{"id":1725,"href":"https:\/\/aweronet-medical.de\/index.php\/wp-json\/wp\/v2\/pages\/960\/revisions\/1725"}],"wp:attachment":[{"href":"https:\/\/aweronet-medical.de\/index.php\/wp-json\/wp\/v2\/media?parent=960"}],"curies":[{"name":"wp","href":"https:\/\/api.w.org\/{rel}","templated":true}]}}