{"id":1595,"date":"2022-05-11T09:37:16","date_gmt":"2022-05-11T07:37:16","guid":{"rendered":"http:\/\/192.168.123.202\/AM\/?page_id=1595"},"modified":"2025-09-11T09:35:38","modified_gmt":"2025-09-11T07:35:38","slug":"dmea-2022","status":"publish","type":"page","link":"https:\/\/aweronet-medical.de\/index.php\/dmea-2022\/","title":{"rendered":"DMEA 2022"},"content":{"rendered":"\n<div class=\"wp-block-cover alignfull is-light has-parallax\" style=\"min-height:513px;aspect-ratio:unset;\"><div class=\"wp-block-cover__image-background wp-image-1609 has-parallax\" style=\"background-position:50% 50%;background-image:url(https:\/\/aweronet-medical.de\/wp-content\/uploads\/2022\/05\/IMG_20220427_113929-scaled.jpg)\"><\/div><span aria-hidden=\"true\" class=\"wp-block-cover__background has-ast-global-color-2-background-color has-background-dim-50 has-background-dim\"><\/span><div class=\"wp-block-cover__inner-container is-layout-flow wp-block-cover-is-layout-flow\">\n<h1 class=\"wp-block-heading has-text-align-center has-white-color has-text-color\">DMEA 2025<\/h1>\n<\/div><\/div>\n\n\n\n<div class=\"wp-block-group alignfull has-ast-global-color-5-background-color has-background is-layout-flow wp-block-group-is-layout-flow\">\n<p>Sch\u00f6n, dass wir Sie zur DMEA 2025 im April 2025 in den Berliner Messehallen begr\u00fc\u00dfen durften! Alle Facetten des digitalen Gesundheitswesens an einem Ort!<\/p>\n\n\n\n<h4 class=\"wp-block-heading\">Das war die DMEA im \u00dcberblick:<\/h4>\n\n\n\n<ul class=\"wp-block-list\">\n<li>Inspirierende Keynotes, praxisnahe Vortr\u00e4ge und Diskussionsrunden von und mit Expertinnen und Experten aus Politik, Selbstverwaltung, Wirtschaft und Wissenschaft<\/li>\n\n\n\n<li>Eine umfassende Ausstellung, bei der mehr als 500 Hersteller und Anbieter ihre Produkte und L\u00f6sungen pr\u00e4sentieren<\/li>\n\n\n\n<li>Ein umfangreiches Karriere- und Nachwuchsprogramm<\/li>\n<\/ul>\n\n\n\n<h4 class=\"wp-block-heading\">Und nat\u00fcrlich ein toller Stand von aweronet medical:<\/h4>\n\n\n\n<figure class=\"wp-block-image aligncenter size-large\"><img loading=\"lazy\" decoding=\"async\" width=\"1024\" height=\"683\" src=\"https:\/\/aweronet-medical.de\/wp-content\/uploads\/2022\/05\/IMG_3635-1024x683.jpg\" alt=\"DMEA 2022, aweronet medical Messestand\" class=\"wp-image-1600\" srcset=\"https:\/\/aweronet-medical.de\/wp-content\/uploads\/2022\/05\/IMG_3635-1024x683.jpg 1024w, https:\/\/aweronet-medical.de\/wp-content\/uploads\/2022\/05\/IMG_3635-300x200.jpg 300w, https:\/\/aweronet-medical.de\/wp-content\/uploads\/2022\/05\/IMG_3635-768x512.jpg 768w, https:\/\/aweronet-medical.de\/wp-content\/uploads\/2022\/05\/IMG_3635-1600x1067.jpg 1600w, https:\/\/aweronet-medical.de\/wp-content\/uploads\/2022\/05\/IMG_3635-1536x1024.jpg 1536w, https:\/\/aweronet-medical.de\/wp-content\/uploads\/2022\/05\/IMG_3635-2048x1365.jpg 2048w\" sizes=\"auto, (max-width: 1024px) 100vw, 1024px\" \/><\/figure>\n\n\n\n<figure class=\"wp-block-gallery has-nested-images columns-default is-cropped wp-block-gallery-1 is-layout-flex wp-block-gallery-is-layout-flex\">\n<figure class=\"wp-block-image size-large\"><a href=\"https:\/\/aweronet-medical.de\/wp-content\/uploads\/2022\/05\/IMG_3637-scaled.jpg\"><img loading=\"lazy\" decoding=\"async\" width=\"1024\" height=\"683\" data-id=\"1601\" src=\"https:\/\/aweronet-medical.de\/wp-content\/uploads\/2022\/05\/IMG_3637-1024x683.jpg\" alt=\"DMEA 2022, aweronet medical Messestand\" class=\"wp-image-1601\" srcset=\"https:\/\/aweronet-medical.de\/wp-content\/uploads\/2022\/05\/IMG_3637-1024x683.jpg 1024w, https:\/\/aweronet-medical.de\/wp-content\/uploads\/2022\/05\/IMG_3637-300x200.jpg 300w, https:\/\/aweronet-medical.de\/wp-content\/uploads\/2022\/05\/IMG_3637-768x512.jpg 768w, https:\/\/aweronet-medical.de\/wp-content\/uploads\/2022\/05\/IMG_3637-1600x1067.jpg 1600w, https:\/\/aweronet-medical.de\/wp-content\/uploads\/2022\/05\/IMG_3637-1536x1024.jpg 1536w, https:\/\/aweronet-medical.de\/wp-content\/uploads\/2022\/05\/IMG_3637-2048x1365.jpg 2048w\" sizes=\"auto, (max-width: 1024px) 100vw, 1024px\" \/><\/a><\/figure>\n\n\n\n<figure class=\"wp-block-image size-large\"><a href=\"https:\/\/aweronet-medical.de\/wp-content\/uploads\/2022\/05\/IMG_3639-scaled.jpg\"><img loading=\"lazy\" decoding=\"async\" width=\"683\" height=\"1024\" data-id=\"1602\" src=\"https:\/\/aweronet-medical.de\/wp-content\/uploads\/2022\/05\/IMG_3639-683x1024.jpg\" alt=\"DMEA 2022, aweronet medical Messestand\" class=\"wp-image-1602\" srcset=\"https:\/\/aweronet-medical.de\/wp-content\/uploads\/2022\/05\/IMG_3639-683x1024.jpg 683w, https:\/\/aweronet-medical.de\/wp-content\/uploads\/2022\/05\/IMG_3639-200x300.jpg 200w, https:\/\/aweronet-medical.de\/wp-content\/uploads\/2022\/05\/IMG_3639-768x1152.jpg 768w, https:\/\/aweronet-medical.de\/wp-content\/uploads\/2022\/05\/IMG_3639-1600x2400.jpg 1600w, https:\/\/aweronet-medical.de\/wp-content\/uploads\/2022\/05\/IMG_3639-1024x1536.jpg 1024w, https:\/\/aweronet-medical.de\/wp-content\/uploads\/2022\/05\/IMG_3639-1365x2048.jpg 1365w, https:\/\/aweronet-medical.de\/wp-content\/uploads\/2022\/05\/IMG_3639-scaled.jpg 1707w\" sizes=\"auto, (max-width: 683px) 100vw, 683px\" \/><\/a><\/figure>\n\n\n\n<figure class=\"wp-block-image size-large\"><a href=\"https:\/\/aweronet-medical.de\/wp-content\/uploads\/2022\/05\/IMG_3644-scaled.jpg\"><img loading=\"lazy\" decoding=\"async\" width=\"1024\" height=\"683\" data-id=\"1603\" src=\"https:\/\/aweronet-medical.de\/wp-content\/uploads\/2022\/05\/IMG_3644-1024x683.jpg\" alt=\"DMEA 2022, aweronet medical Messestand\" class=\"wp-image-1603\" srcset=\"https:\/\/aweronet-medical.de\/wp-content\/uploads\/2022\/05\/IMG_3644-1024x683.jpg 1024w, https:\/\/aweronet-medical.de\/wp-content\/uploads\/2022\/05\/IMG_3644-300x200.jpg 300w, https:\/\/aweronet-medical.de\/wp-content\/uploads\/2022\/05\/IMG_3644-768x512.jpg 768w, https:\/\/aweronet-medical.de\/wp-content\/uploads\/2022\/05\/IMG_3644-1600x1067.jpg 1600w, https:\/\/aweronet-medical.de\/wp-content\/uploads\/2022\/05\/IMG_3644-1536x1024.jpg 1536w, https:\/\/aweronet-medical.de\/wp-content\/uploads\/2022\/05\/IMG_3644-2048x1365.jpg 2048w\" sizes=\"auto, (max-width: 1024px) 100vw, 1024px\" \/><\/a><\/figure>\n\n\n\n<figure class=\"wp-block-image size-large\"><a href=\"https:\/\/aweronet-medical.de\/wp-content\/uploads\/2022\/05\/IMG_3647-scaled.jpg\"><img loading=\"lazy\" decoding=\"async\" width=\"1024\" height=\"683\" data-id=\"1604\" src=\"https:\/\/aweronet-medical.de\/wp-content\/uploads\/2022\/05\/IMG_3647-1024x683.jpg\" alt=\"DMEA 2022, aweronet medical Messestand\" class=\"wp-image-1604\" srcset=\"https:\/\/aweronet-medical.de\/wp-content\/uploads\/2022\/05\/IMG_3647-1024x683.jpg 1024w, https:\/\/aweronet-medical.de\/wp-content\/uploads\/2022\/05\/IMG_3647-300x200.jpg 300w, https:\/\/aweronet-medical.de\/wp-content\/uploads\/2022\/05\/IMG_3647-768x512.jpg 768w, https:\/\/aweronet-medical.de\/wp-content\/uploads\/2022\/05\/IMG_3647-1600x1067.jpg 1600w, https:\/\/aweronet-medical.de\/wp-content\/uploads\/2022\/05\/IMG_3647-1536x1024.jpg 1536w, https:\/\/aweronet-medical.de\/wp-content\/uploads\/2022\/05\/IMG_3647-2048x1365.jpg 2048w\" sizes=\"auto, (max-width: 1024px) 100vw, 1024px\" \/><\/a><\/figure>\n\n\n\n<figure class=\"wp-block-image size-large\"><a href=\"https:\/\/aweronet-medical.de\/wp-content\/uploads\/2022\/05\/IMG_3649-scaled.jpg\"><img loading=\"lazy\" decoding=\"async\" width=\"1024\" height=\"683\" data-id=\"1605\" src=\"https:\/\/aweronet-medical.de\/wp-content\/uploads\/2022\/05\/IMG_3649-1024x683.jpg\" alt=\"DMEA 2022, aweronet medical Messestand\" class=\"wp-image-1605\" srcset=\"https:\/\/aweronet-medical.de\/wp-content\/uploads\/2022\/05\/IMG_3649-1024x683.jpg 1024w, https:\/\/aweronet-medical.de\/wp-content\/uploads\/2022\/05\/IMG_3649-300x200.jpg 300w, https:\/\/aweronet-medical.de\/wp-content\/uploads\/2022\/05\/IMG_3649-768x512.jpg 768w, https:\/\/aweronet-medical.de\/wp-content\/uploads\/2022\/05\/IMG_3649-1600x1067.jpg 1600w, https:\/\/aweronet-medical.de\/wp-content\/uploads\/2022\/05\/IMG_3649-1536x1024.jpg 1536w, https:\/\/aweronet-medical.de\/wp-content\/uploads\/2022\/05\/IMG_3649-2048x1365.jpg 2048w\" sizes=\"auto, (max-width: 1024px) 100vw, 1024px\" \/><\/a><\/figure>\n\n\n\n<figure class=\"wp-block-image size-large\"><a href=\"https:\/\/aweronet-medical.de\/wp-content\/uploads\/2022\/05\/IMG_3650-scaled.jpg\"><img loading=\"lazy\" decoding=\"async\" width=\"1024\" height=\"683\" data-id=\"1606\" src=\"https:\/\/aweronet-medical.de\/wp-content\/uploads\/2022\/05\/IMG_3650-1024x683.jpg\" alt=\"DMEA 2022, aweronet medical Messestand\" class=\"wp-image-1606\" srcset=\"https:\/\/aweronet-medical.de\/wp-content\/uploads\/2022\/05\/IMG_3650-1024x683.jpg 1024w, https:\/\/aweronet-medical.de\/wp-content\/uploads\/2022\/05\/IMG_3650-300x200.jpg 300w, https:\/\/aweronet-medical.de\/wp-content\/uploads\/2022\/05\/IMG_3650-768x512.jpg 768w, https:\/\/aweronet-medical.de\/wp-content\/uploads\/2022\/05\/IMG_3650-1600x1067.jpg 1600w, https:\/\/aweronet-medical.de\/wp-content\/uploads\/2022\/05\/IMG_3650-1536x1024.jpg 1536w, https:\/\/aweronet-medical.de\/wp-content\/uploads\/2022\/05\/IMG_3650-2048x1365.jpg 2048w\" sizes=\"auto, (max-width: 1024px) 100vw, 1024px\" \/><\/a><\/figure>\n\n\n\n<figure class=\"wp-block-image size-large\"><a href=\"https:\/\/aweronet-medical.de\/wp-content\/uploads\/2022\/05\/IMG_3666-scaled.jpg\"><img loading=\"lazy\" decoding=\"async\" width=\"1024\" height=\"683\" data-id=\"1608\" src=\"https:\/\/aweronet-medical.de\/wp-content\/uploads\/2022\/05\/IMG_3666-1024x683.jpg\" alt=\"DMEA 2022, aweronet medical Messestand\" class=\"wp-image-1608\" srcset=\"https:\/\/aweronet-medical.de\/wp-content\/uploads\/2022\/05\/IMG_3666-1024x683.jpg 1024w, https:\/\/aweronet-medical.de\/wp-content\/uploads\/2022\/05\/IMG_3666-300x200.jpg 300w, https:\/\/aweronet-medical.de\/wp-content\/uploads\/2022\/05\/IMG_3666-768x512.jpg 768w, https:\/\/aweronet-medical.de\/wp-content\/uploads\/2022\/05\/IMG_3666-1600x1067.jpg 1600w, https:\/\/aweronet-medical.de\/wp-content\/uploads\/2022\/05\/IMG_3666-1536x1024.jpg 1536w, https:\/\/aweronet-medical.de\/wp-content\/uploads\/2022\/05\/IMG_3666-2048x1365.jpg 2048w\" sizes=\"auto, (max-width: 1024px) 100vw, 1024px\" \/><\/a><\/figure>\n\n\n\n<figure class=\"wp-block-image size-large\"><a href=\"https:\/\/aweronet-medical.de\/wp-content\/uploads\/2022\/05\/IMG_3652-scaled.jpg\"><img loading=\"lazy\" decoding=\"async\" width=\"1024\" height=\"683\" data-id=\"1607\" src=\"https:\/\/aweronet-medical.de\/wp-content\/uploads\/2022\/05\/IMG_3652-1024x683.jpg\" alt=\"DMEA 2022, aweronet medical Messestand\" class=\"wp-image-1607\" srcset=\"https:\/\/aweronet-medical.de\/wp-content\/uploads\/2022\/05\/IMG_3652-1024x683.jpg 1024w, https:\/\/aweronet-medical.de\/wp-content\/uploads\/2022\/05\/IMG_3652-300x200.jpg 300w, https:\/\/aweronet-medical.de\/wp-content\/uploads\/2022\/05\/IMG_3652-768x512.jpg 768w, https:\/\/aweronet-medical.de\/wp-content\/uploads\/2022\/05\/IMG_3652-1600x1067.jpg 1600w, https:\/\/aweronet-medical.de\/wp-content\/uploads\/2022\/05\/IMG_3652-1536x1024.jpg 1536w, https:\/\/aweronet-medical.de\/wp-content\/uploads\/2022\/05\/IMG_3652-2048x1365.jpg 2048w\" sizes=\"auto, (max-width: 1024px) 100vw, 1024px\" \/><\/a><\/figure>\n<\/figure>\n\n\n\n<div class=\"wp-block-columns are-vertically-aligned-center is-layout-flex wp-container-core-columns-is-layout-28f84493 wp-block-columns-is-layout-flex\">\n<div class=\"wp-block-column is-vertically-aligned-center is-layout-flow wp-block-column-is-layout-flow\"><\/div>\n\n\n\n<div class=\"wp-block-column is-vertically-aligned-center is-layout-flow wp-block-column-is-layout-flow\"><\/div>\n<\/div>\n<\/div>\n\n\n\n<div class=\"wp-block-group alignfull has-ast-global-color-4-background-color has-background is-layout-flow wp-block-group-is-layout-flow\">\n<div class=\"wp-block-columns are-vertically-aligned-center is-layout-flex wp-container-core-columns-is-layout-28f84493 wp-block-columns-is-layout-flex\">\n<div class=\"wp-block-column is-vertically-aligned-center is-layout-flow wp-block-column-is-layout-flow\" style=\"flex-basis:66.66%\">\n<h3 class=\"wp-block-heading has-text-align-center\">Haben wir Ihr Interesse geweckt?<\/h3>\n<\/div>\n\n\n\n<div class=\"wp-block-column is-vertically-aligned-center is-layout-flow wp-block-column-is-layout-flow\" style=\"flex-basis:33.33%\">\n<div class=\"wp-block-buttons is-horizontal is-content-justification-center is-layout-flex wp-container-core-buttons-is-layout-03627597 wp-block-buttons-is-layout-flex\">\n<div class=\"wp-block-button\"><a class=\"wp-block-button__link wp-element-button\" href=\"https:\/\/aweronet-medical.de\/index.php\/kontakt\/\" rel=\"#\">Nehmen Sie Kontakt auf.<\/a><\/div>\n<\/div>\n<\/div>\n<\/div>\n<\/div>\n","protected":false},"excerpt":{"rendered":"<p>Sch\u00f6n, dass wir Sie zur DMEA 2025 im April 2025 in den Berliner Messehallen begr\u00fc\u00dfen durften! Alle Facetten des digitalen Gesundheitswesens an einem Ort! Das war die DMEA im \u00dcberblick: Und nat\u00fcrlich ein toller Stand von aweronet medical: Haben wir Ihr Interesse geweckt?<\/p>\n","protected":false},"author":1,"featured_media":0,"parent":0,"menu_order":0,"comment_status":"closed","ping_status":"closed","template":"","meta":{"_uag_custom_page_level_css":"","site-sidebar-layout":"no-sidebar","site-content-layout":"plain-container","ast-site-content-layout":"normal-width-container","site-content-style":"unboxed","site-sidebar-style":"unboxed","ast-global-header-display":"","ast-banner-title-visibility":"","ast-main-header-display":"","ast-hfb-above-header-display":"","ast-hfb-below-header-display":"","ast-hfb-mobile-header-display":"","site-post-title":"disabled","ast-breadcrumbs-content":"","ast-featured-img":"disabled","footer-sml-layout":"","theme-transparent-header-meta":"enabled","adv-header-id-meta":"","stick-header-meta":"","header-above-stick-meta":"","header-main-stick-meta":"","header-below-stick-meta":"","astra-migrate-meta-layouts":"set","ast-page-background-enabled":"default","ast-page-background-meta":{"desktop":{"background-color":"","background-image":"","background-repeat":"repeat","background-position":"center center","background-size":"auto","background-attachment":"scroll","background-type":"","background-media":"","overlay-type":"","overlay-color":"","overlay-opacity":"","overlay-gradient":""},"tablet":{"background-color":"","background-image":"","background-repeat":"repeat","background-position":"center center","background-size":"auto","background-attachment":"scroll","background-type":"","background-media":"","overlay-type":"","overlay-color":"","overlay-opacity":"","overlay-gradient":""},"mobile":{"background-color":"","background-image":"","background-repeat":"repeat","background-position":"center center","background-size":"auto","background-attachment":"scroll","background-type":"","background-media":"","overlay-type":"","overlay-color":"","overlay-opacity":"","overlay-gradient":""}},"ast-content-background-meta":{"desktop":{"background-color":"var(--ast-global-color-5)","background-image":"","background-repeat":"repeat","background-position":"center center","background-size":"auto","background-attachment":"scroll","background-type":"","background-media":"","overlay-type":"","overlay-color":"","overlay-opacity":"","overlay-gradient":""},"tablet":{"background-color":"var(--ast-global-color-5)","background-image":"","background-repeat":"repeat","background-position":"center center","background-size":"auto","background-attachment":"scroll","background-type":"","background-media":"","overlay-type":"","overlay-color":"","overlay-opacity":"","overlay-gradient":""},"mobile":{"background-color":"var(--ast-global-color-5)","background-image":"","background-repeat":"repeat","background-position":"center center","background-size":"auto","background-attachment":"scroll","background-type":"","background-media":"","overlay-type":"","overlay-color":"","overlay-opacity":"","overlay-gradient":""}},"footnotes":""},"class_list":["post-1595","page","type-page","status-publish","hentry"],"aioseo_notices":[],"uagb_featured_image_src":{"full":false,"thumbnail":false,"medium":false,"medium_large":false,"large":false,"gs-tiny":false,"xl":false,"xxl":false,"xxxl":false,"xxxxl":false,"xxxxxl":false,"1536x1536":false,"2048x2048":false,"woocommerce_thumbnail":false,"woocommerce_single":false,"woocommerce_gallery_thumbnail":false},"uagb_author_info":{"display_name":"am_user","author_link":"https:\/\/aweronet-medical.de\/index.php\/author\/am_user\/"},"uagb_comment_info":0,"uagb_excerpt":"Sch\u00f6n, dass wir Sie zur DMEA 2025 im April 2025 in den Berliner Messehallen begr\u00fc\u00dfen durften! Alle Facetten des digitalen Gesundheitswesens an einem Ort! Das war die DMEA im \u00dcberblick: Und nat\u00fcrlich ein toller Stand von aweronet medical: Haben wir Ihr Interesse geweckt?","_links":{"self":[{"href":"https:\/\/aweronet-medical.de\/index.php\/wp-json\/wp\/v2\/pages\/1595","targetHints":{"allow":["GET"]}}],"collection":[{"href":"https:\/\/aweronet-medical.de\/index.php\/wp-json\/wp\/v2\/pages"}],"about":[{"href":"https:\/\/aweronet-medical.de\/index.php\/wp-json\/wp\/v2\/types\/page"}],"author":[{"embeddable":true,"href":"https:\/\/aweronet-medical.de\/index.php\/wp-json\/wp\/v2\/users\/1"}],"replies":[{"embeddable":true,"href":"https:\/\/aweronet-medical.de\/index.php\/wp-json\/wp\/v2\/comments?post=1595"}],"version-history":[{"count":7,"href":"https:\/\/aweronet-medical.de\/index.php\/wp-json\/wp\/v2\/pages\/1595\/revisions"}],"predecessor-version":[{"id":1680,"href":"https:\/\/aweronet-medical.de\/index.php\/wp-json\/wp\/v2\/pages\/1595\/revisions\/1680"}],"wp:attachment":[{"href":"https:\/\/aweronet-medical.de\/index.php\/wp-json\/wp\/v2\/media?parent=1595"}],"curies":[{"name":"wp","href":"https:\/\/api.w.org\/{rel}","templated":true}]}}