{"id":1280,"date":"2022-01-28T12:13:38","date_gmt":"2022-01-28T11:13:38","guid":{"rendered":"http:\/\/192.168.123.202\/AM\/?page_id=1280"},"modified":"2022-04-21T07:47:09","modified_gmt":"2022-04-21T05:47:09","slug":"ueber-uns","status":"publish","type":"page","link":"https:\/\/aweronet-medical.de\/index.php\/ueber-uns\/","title":{"rendered":"\u00dcber uns"},"content":{"rendered":"\n<div class=\"wp-block-cover alignfull has-ast-global-color-2-background-color has-background-dim has-parallax\" style=\"background-image:url(https:\/\/aweronet-medical.de\/wp-content\/uploads\/2022\/01\/Uber_unds_Header.png);min-height:959px;aspect-ratio:unset;\"><div class=\"wp-block-cover__inner-container is-layout-flow wp-block-cover-is-layout-flow\">\n<h1 class=\"has-text-align-center has-white-color has-text-color wp-block-heading\">Wir sind Entwickler.<\/h1>\n\n\n\n<p><a href=\"https:\/\/websitedemos.net\/sierra-nature-02\/?preview_id=6&amp;preview_nonce=8931fe6610&amp;preview=true#\"><\/a><\/p>\n<\/div><\/div>\n\n\n\n<div class=\"wp-block-group alignfull has-ast-global-color-5-background-color has-background is-layout-flow wp-block-group-is-layout-flow\">\n<h5 class=\"has-text-align-center wp-block-heading\">Technisch innovativ, \u00e4sthetisch ansprechend, hygienisch optimal.<\/h5>\n\n\n\n<h2 class=\"has-text-align-center wp-block-heading\">Unser Know-How und unsere Leidenschaft f\u00fcr eine perfekte digitale Bildwiedergabe in der Medizin.<\/h2>\n\n\n\n<p class=\"has-text-align-left\">Individuell angepasst an existierende Gegebenheiten in OP-S\u00e4len und anderen Funktionsr\u00e4umen oder speziell konzipiert f\u00fcr noch zu errichtende Bereiche. Auch bei der Modernisierung schon bestehender Einrichtungen agieren wir dank unserer langen Erfahrung pragmatisch, professionell und effizient. Unsere jahrelange Erfahrung und das Know-how im Bereich Medical-Engineering und IT-Solutions haben uns zu einem innovativen Entwickler und verl\u00e4sslichen Partner gemacht. Durch kompetente Beratung, harte Arbeit und ein au\u00dfergew\u00f6hnliches Service-Verst\u00e4ndnis werden wir unserem guten Ruf gerecht.<\/p>\n\n\n\n<p class=\"has-text-align-left\">Als ein nach <strong>DIN EN ISO 13485<\/strong> zertifizierter Hersteller entwickeln, produzieren und vertreiben wir Systeme f\u00fcr die digitale R\u00f6ntgenbildbetrachtung, Visualisierung hochaufl\u00f6sender Videos im OP und Dokumentation im medizinischen Umfeld. Einige unserer Projekte sehen Sie <a href=\"https:\/\/aweronet-medical.de\/index.php\/projekte\/\" title=\"hier\">hier<\/a>.<\/p>\n<\/div>\n\n\n\n<figure class=\"wp-block-video alignfull\"><video height=\"560\" style=\"aspect-ratio: 996 \/ 560;\" width=\"996\" autoplay loop src=\"https:\/\/aweronet-medical.de\/wp-content\/uploads\/2022\/03\/Website.mp4\"><\/video><\/figure>\n\n\n\n<div style=\"height:40px\" aria-hidden=\"true\" class=\"wp-block-spacer\"><\/div>\n\n\n\n<h2 class=\"has-text-align-center wp-block-heading\">Entscheiden Sie sich f\u00fcr aweronet medical und ein besonderes Engagement.<\/h2>\n\n\n\n<div style=\"height:40px\" aria-hidden=\"true\" class=\"wp-block-spacer\"><\/div>\n\n\n\n<div class=\"wp-block-cover alignfull has-ast-global-color-2-background-color has-background-dim has-parallax\" style=\"background-image:url(https:\/\/aweronet-medical.de\/wp-content\/uploads\/2022\/02\/Uber_und_Header2.png);min-height:959px;aspect-ratio:unset;\"><div class=\"wp-block-cover__inner-container is-layout-flow wp-block-cover-is-layout-flow\">\n<h1 class=\"has-text-align-center has-white-color has-text-color wp-block-heading\">Wir sind Macher.<\/h1>\n\n\n\n<p><a href=\"https:\/\/websitedemos.net\/sierra-nature-02\/?preview_id=6&amp;preview_nonce=8931fe6610&amp;preview=true#\"><\/a><\/p>\n<\/div><\/div>\n\n\n\n<div class=\"wp-block-group alignfull has-ast-global-color-5-background-color has-background is-layout-flow wp-block-group-is-layout-flow\">\n<h5 class=\"has-text-align-center wp-block-heading\">Ein OP ist ein OP, oder etwa nicht?<\/h5>\n\n\n\n<h2 class=\"has-text-align-center wp-block-heading\">Wir verbrachten Jahre in Kliniken und OPs, um unseren Blick f\u00fcr intelligente L\u00f6sungen zu sch\u00e4rfen.<\/h2>\n\n\n\n<p>Jede Raumsituation ist unterschiedlich und erfordert daher ein H\u00f6chstma\u00df an Erfahrung, Vorstellungskraft und intelligentem Know-how, um optimale Ergebnisse bei der Installation von Bildbetrachtungsger\u00e4ten oder PCs zu erzielen. Dabei ist oft unsere ganze Kreativit\u00e4t gefragt, denn L\u00f6sungen von der Stange sind in vielen F\u00e4llen nicht ausreichend.<\/p>\n\n\n\n<p>Unsere Ingenieure bzw. Techniker sind innovativ und arbeiten praxisbezogen und pragmatisch. Sie sind daran gew\u00f6hnt, auch mit schwierigen, kopfzerbrechenden Gegebenheiten fertig zu werden. Sie finden f\u00fcr jeden Raum effektive und effiziente M\u00f6glichkeiten der Installation. Denn: Ob Umbau, Neubau oder Erweiterung \u2013 am Ende soll immer eine intelligente, funktionelle und \u00e4sthetische L\u00f6sung stehen.<\/p>\n<\/div>\n\n\n\n<div class=\"wp-block-group alignfull has-ast-global-color-4-background-color has-background is-layout-flow wp-block-group-is-layout-flow\">\n<div class=\"wp-block-columns are-vertically-aligned-center is-layout-flex wp-container-core-columns-is-layout-28f84493 wp-block-columns-is-layout-flex\">\n<div class=\"wp-block-column is-vertically-aligned-center is-layout-flow wp-block-column-is-layout-flow\" style=\"flex-basis:66.66%\">\n<h2 class=\"has-text-align-center wp-block-heading\">Wollen Sie mehr von unserer Arbeit sehen?<\/h2>\n<\/div>\n\n\n\n<div class=\"wp-block-column is-vertically-aligned-center is-layout-flow wp-block-column-is-layout-flow\" style=\"flex-basis:33.33%\">\n<div class=\"wp-block-buttons is-content-justification-center is-layout-flex wp-block-buttons-is-layout-flex\">\n<div class=\"wp-block-button\"><a class=\"wp-block-button__link\" rel=\"#\">Hier geht&#8217;s zu unseren Projekten<\/a><\/div>\n<\/div>\n<\/div>\n<\/div>\n<\/div>\n","protected":false},"excerpt":{"rendered":"<p>Technisch innovativ, \u00e4sthetisch ansprechend, hygienisch optimal. Unser Know-How und unsere Leidenschaft f\u00fcr eine perfekte digitale Bildwiedergabe in der Medizin. Individuell angepasst an existierende Gegebenheiten in OP-S\u00e4len und anderen Funktionsr\u00e4umen oder speziell konzipiert f\u00fcr noch zu errichtende Bereiche. Auch bei der Modernisierung schon bestehender Einrichtungen agieren wir dank unserer langen Erfahrung pragmatisch, professionell und effizient. Unsere [&hellip;]<\/p>\n","protected":false},"author":1,"featured_media":0,"parent":0,"menu_order":0,"comment_status":"closed","ping_status":"closed","template":"","meta":{"_uag_custom_page_level_css":"","site-sidebar-layout":"no-sidebar","site-content-layout":"plain-container","ast-site-content-layout":"default","site-content-style":"default","site-sidebar-style":"default","ast-global-header-display":"","ast-banner-title-visibility":"","ast-main-header-display":"","ast-hfb-above-header-display":"","ast-hfb-below-header-display":"","ast-hfb-mobile-header-display":"","site-post-title":"disabled","ast-breadcrumbs-content":"","ast-featured-img":"disabled","footer-sml-layout":"","theme-transparent-header-meta":"enabled","adv-header-id-meta":"","stick-header-meta":"","header-above-stick-meta":"","header-main-stick-meta":"","header-below-stick-meta":"","astra-migrate-meta-layouts":"default","ast-page-background-enabled":"default","ast-page-background-meta":{"desktop":{"background-color":"","background-image":"","background-repeat":"repeat","background-position":"center center","background-size":"auto","background-attachment":"scroll","background-type":"","background-media":"","overlay-type":"","overlay-color":"","overlay-opacity":"","overlay-gradient":""},"tablet":{"background-color":"","background-image":"","background-repeat":"repeat","background-position":"center center","background-size":"auto","background-attachment":"scroll","background-type":"","background-media":"","overlay-type":"","overlay-color":"","overlay-opacity":"","overlay-gradient":""},"mobile":{"background-color":"","background-image":"","background-repeat":"repeat","background-position":"center center","background-size":"auto","background-attachment":"scroll","background-type":"","background-media":"","overlay-type":"","overlay-color":"","overlay-opacity":"","overlay-gradient":""}},"ast-content-background-meta":{"desktop":{"background-color":"var(--ast-global-color-5)","background-image":"","background-repeat":"repeat","background-position":"center center","background-size":"auto","background-attachment":"scroll","background-type":"","background-media":"","overlay-type":"","overlay-color":"","overlay-opacity":"","overlay-gradient":""},"tablet":{"background-color":"var(--ast-global-color-5)","background-image":"","background-repeat":"repeat","background-position":"center center","background-size":"auto","background-attachment":"scroll","background-type":"","background-media":"","overlay-type":"","overlay-color":"","overlay-opacity":"","overlay-gradient":""},"mobile":{"background-color":"var(--ast-global-color-5)","background-image":"","background-repeat":"repeat","background-position":"center center","background-size":"auto","background-attachment":"scroll","background-type":"","background-media":"","overlay-type":"","overlay-color":"","overlay-opacity":"","overlay-gradient":""}},"footnotes":""},"class_list":["post-1280","page","type-page","status-publish","hentry"],"aioseo_notices":[],"uagb_featured_image_src":{"full":false,"thumbnail":false,"medium":false,"medium_large":false,"large":false,"gs-tiny":false,"xl":false,"xxl":false,"xxxl":false,"xxxxl":false,"xxxxxl":false,"1536x1536":false,"2048x2048":false,"woocommerce_thumbnail":false,"woocommerce_single":false,"woocommerce_gallery_thumbnail":false},"uagb_author_info":{"display_name":"am_user","author_link":"https:\/\/aweronet-medical.de\/index.php\/author\/am_user\/"},"uagb_comment_info":0,"uagb_excerpt":"Technisch innovativ, \u00e4sthetisch ansprechend, hygienisch optimal. Unser Know-How und unsere Leidenschaft f\u00fcr eine perfekte digitale Bildwiedergabe in der Medizin. Individuell angepasst an existierende Gegebenheiten in OP-S\u00e4len und anderen Funktionsr\u00e4umen oder speziell konzipiert f\u00fcr noch zu errichtende Bereiche. Auch bei der Modernisierung schon bestehender Einrichtungen agieren wir dank unserer langen Erfahrung pragmatisch, professionell und effizient. Unsere&hellip;","_links":{"self":[{"href":"https:\/\/aweronet-medical.de\/index.php\/wp-json\/wp\/v2\/pages\/1280","targetHints":{"allow":["GET"]}}],"collection":[{"href":"https:\/\/aweronet-medical.de\/index.php\/wp-json\/wp\/v2\/pages"}],"about":[{"href":"https:\/\/aweronet-medical.de\/index.php\/wp-json\/wp\/v2\/types\/page"}],"author":[{"embeddable":true,"href":"https:\/\/aweronet-medical.de\/index.php\/wp-json\/wp\/v2\/users\/1"}],"replies":[{"embeddable":true,"href":"https:\/\/aweronet-medical.de\/index.php\/wp-json\/wp\/v2\/comments?post=1280"}],"version-history":[{"count":12,"href":"https:\/\/aweronet-medical.de\/index.php\/wp-json\/wp\/v2\/pages\/1280\/revisions"}],"predecessor-version":[{"id":1677,"href":"https:\/\/aweronet-medical.de\/index.php\/wp-json\/wp\/v2\/pages\/1280\/revisions\/1677"}],"wp:attachment":[{"href":"https:\/\/aweronet-medical.de\/index.php\/wp-json\/wp\/v2\/media?parent=1280"}],"curies":[{"name":"wp","href":"https:\/\/api.w.org\/{rel}","templated":true}]}}